**2 + 2*y**2 + 0*y**3. Determine z(1).
8
Let l(o) = o**2 + o + 9. Suppose 3*p = 9*p. Give l(p).
9
Let k(w) = -w**3 - 7*w**2 + 4*w - 1. Let g(p) = 5 - 1 + 19*p**2 - 12*p - 1 + 3*p**2 + 4*p**3. Let s(z) = 2*g(z) + 7*k(z). Determine s(4).
-1
Let d(n) be the first derivative of -n**3/3 - 7*n**2 - 8*n + 7. Let g be d(-13). Let b(q) = -q**3 + 6*q**2 - 4*q - 3. Determine b(g).
2
Let j be (-2)/(-3) + 40/(-6). Let c be -3*(-8)/j*1. Let h(g) = g + 5. Give h(c).
1
Let b(r) = -3*r**3 - r**2 + 2*r - 1. Let y = 0 + 0. Let u be (-2 - y)*(2 - 4). Suppose 5*j - 3*j - 15 = -5*t, -u*t = j - 9. Calculate b(t).
-3
Let x(d) = -d**3 - 4*d**2 - d. Let o be x(-3). Let w(m) = 3*m + m**3 - 2*m - 3*m - 9 + 6*m**2. Determine w(o).
3
Let l(d) = -2*d**3 - d**2 - 2*d - 1. Let w be l(-1). Let o(k) be the second derivative of 0*k**2 - 1/2*k**3 - 5/12*k**4 - 1/20*k**5 + w*k + 0. What is o(-4)?
-4
Let g(z) = -z**3 - 7*z**2 + 7*z - 6. Let i be g(-8). Let n be i/(-8)*2*-4. Let q(u) = -3*u - 4*u**2 - 3*u + 3*u**2 - n. What is q(-5)?
3
Let f(p) = -p**3 + 4*p**2 + p - 1. Let x be (2 + -2 + 0)/2. Suppose x = 3*y - 0 - 12. Determine f(y).
3
Let n(k) = 3*k - 4*k - 7 - 8. Let d be n(-9). Let b(s) = s**3 + 5*s**2 - 8*s - 6. Give b(d).
6
Let n(w) = w**2 - 3*w - 3. Let v = 89 + -85. Calculate n(v).
1
Suppose -r = -2*w - 5, 3*r + 0*r + 5*w = -18. Let a(p) = 5*p**3 + 1. What is a(r)?
-4
Let f = 2 - 1. Let a(g) be the first derivative of g**4/12 + g + 2. Let s(q) be the first derivative of a(q). Calculate s(f).
1
Let y(p) = p**2 - 5*p + 6. Let c = 29 - 4. Suppose -5*w = -0*w - c. Determine y(w).
6
Let l(c) = -c - 2. Suppose -3*t + 3*j = -3, 19 = -2*t - 5*j - 7. Let d = 5 + t. Suppose f - 5*f = -d*y - 8, f - 1 = y. What is l(f)?
-5
Let v be 3/(22/(-8) - -2). Let c(p) = -2*p**2 + 4*p - 1. Let t(y) = -y**2 + 5*y - 1. Let z(u) = v*t(u) + 5*c(u). Calculate z(-1).
-7
Let v(d) be the first derivative of -d**4/12 + 7*d**3/6 - 5*d**2/2 - 3*d - 2. Let k(l) be the first derivative of v(l). Calculate k(4).
7
Let l(c) = 7 - c - 2 - c. Determine l(-4).
13
Let u(h) = -4*h + 2. Let t(r) = -11*r + 6. Let k(s) = 3*t(s) - 8*u(s). Determine k(-7).
9
Let n(p) be the second derivative of p**5/20 - p**4/4 - p**3/6 + 3*p**2/2 - 31*p. What is n(3)?
0
Let u(o) be the third derivative of -o**5/60 - 3*o**2. What is u(1)?
-1
Let h = 7 - 11. Let f(v) = -3 + 5*v**2 - 2*v + 7 - 6*v**2. Determine f(h).
-4
Suppose -3*h = -6*h + 27. Suppose 0 = -4*d, 5*m + 5*d - 11 - h = 0. Let n(s) = -2*s + 1. Give n(m).
-7
Suppose 4*u + 2*i - 2 = 0, 2*i + 0*i + 10 = 0. Let j(c) be the second derivative of -2/3*c**3 + 1/3*c**4 + 0 - 1/20*c**5 + 3/2*c**2 - 2*c. Calculate j(u).
0
Let j(c) = -c**2 - 9*c + 5. Let w be j(-9). Let k(a) = 1 - 2 - 4*a + w*a. What is k(-6)?
-7
Let g be 1 + (-1 - (-6)/2). Let w(c) = -2*c**2 - c**g - 6*c - 2 + 8*c**2 + 4 - 1. Calculate w(5).
-4
Let k be (-15)/4 - (-3)/(-12). Let o = -3 - k. Let p(v) = 6*v**3 + v**2 - 1. What is p(o)?
6
Let x(j) be the third derivative of -j**6/120 - j**5/12 - j**4/12 + 5*j**3/6 + 10*j**2. Calculate x(-4).
-3
Let v be -3 + 2 - -2 - -1. Let w be 1/(v + 15/(-9)). Let x(i) be the first derivative of i**3/3 - 3*i**2/2 + 4*i + 2. Give x(w).
4
Let j = 0 - 1. Let r(l) = l**2 - l + 1. Let h(k) = -k. Let s(z) = j*r(z) + 4*h(z). Suppose 2*d + 9 - 3 = 0. Determine s(d).
-1
Let y(c) be the first derivative of -c**3/3 + c**2 - 3*c - 2. Calculate y(3).
-6
Let c(h) = -10*h + 1. Let b = 98 + -97. Calculate c(b).
-9
Suppose 0 = -0*a - a + 4. Let i(c) = -6*c**2 - a*c - c**3 + 2 + 4 + 0*c - 1. Let h be 18/42 + 38/(-7). Calculate i(h).
0
Let g(v) = v**2 - v - 11. Let h be g(4). Let b(l) = 9*l - 1. Give b(h).
8
Let q(h) = -5*h**3 + 3*h**2 - 3*h + 3. Let s(m) = 6*m**3 - 4*m**2 + 3*m - 3. Let v(n) = -7*q(n) - 6*s(n). Give v(3).
6
Suppose 0 = -2*u - 2*u + 8, -3*x = -3*u. Let v(y) = -y**2 + y + 2. Let c be v(0). Let n(h) = 3*h**2 - h + 3 - 5*h - 2*h**c. What is n(x)?
-5
Suppose -5*n + 15 = -2*n. Let r = -2 + 4. Let v(l) = l**r - 4*l - 3*l + n + l. What is v(4)?
-3
Suppose -3*c + 9 = -0*c. Let s(o) = o**2 - 3*o + 5. Let i(b) = -5*b**2 + 14*b - 21. Let v(q) = 2*i(q) + 9*s(q). Give v(c).
-3
Let w(t) be the third derivative of t**7/2520 + t**6/144 - t**5/60 + t**4/12 + t**2. Let x(l) be the second derivative of w(l). Determine x(-5).
-2
Let f(n) = n**2 + 3*n - 2. Suppose 0 = 3*l - 3 - 21. Let w = l + -12. Determine f(w).
2
Let z(u) = u + 4. Let i(k) = k**2 + 6*k - 5. Let a be i(-7). Let q be z(a). Let w(n) = -n**3 + 5*n**2 + 3*n + 8. Determine w(q).
-10
Let m(t) = 5*t - 6 - 1 - 4*t. Suppose -3*s + 3 = -3*x - 0, 3*s + 5*x = -13. Let v be (0 + s + 3)*2. Give m(v).
-3
Suppose -3*v - 16 = n, 0*v = 3*n + 5*v + 52. Let f = 16 + n. Let o(x) = x**3 + 4*x**2 + 3*x - 1. Determine o(f).
-1
Let v(m) be the third derivative of -m**5/60 - m**4/6 + m**3/2 + 25*m**2. What is v(-5)?
-2
Suppose -2 = -5*g + 13. Suppose g*v = -m - 2*m, 5 = -v. Let p(x) = x**3 - 6*x**2 + 4*x + 4. Calculate p(m).
-1
Let t(v) be the third derivative of v**4/24 + v**3/2 - 2*v**2. Let n be 3/6 - (-3)/(-6). Let c be (n + 0)/(2 - 0). What is t(c)?
3
Let s(d) = d**3 + 0 - 11*d - 191*d**2 + 181*d**2 + 2. Give s(11).
2
Let w(b) = 0*b**3 + 1 - b**3 - 5*b**2 + 3. Let x be w(-5). Let q(g) = 2*g + 1. What is q(x)?
9
Let n(k) be the second derivative of -k**5/20 + k**4/12 + k**3/6 + k**2/2 + 3*k. Suppose 3*b - 4 = 2. Calculate n(b).
-1
Let x(z) = 2*z + 9. Let m be x(-3). Let j(w) be the first derivative of 3/2*w**2 - 1/4*w**4 + 2*w + 2/3*w**3 + 2. What is j(m)?
2
Let m(d) = -d - 1. Suppose 0 = 4*o + 22 - 2. Give m(o).
4
Let y be -3 - (0 + 3)*-1. Let u(m) = 0 + 5 - m + 4 - m**2. Calculate u(y).
9
Let g(q) = 3 + q**3 - 4*q + 3*q - 4*q + 1 - 4*q**2. Calculate g(5).
4
Let g = 18 + -12. Let k(p) = p - 3. Let a(s) = s - 3. Let w(z) = g*a(z) - 5*k(z). Calculate w(4).
1
Let h(g) be the third derivative of -g**5/30 + 3*g**4/8 + 2*g**3/3 + 8*g**2. Let c be h(5). Let m(f) = -4*f - 1. What is m(c)?
3
Let f(k) = k. Let w be -5*(14/(-5) + 4). What is f(w)?
-6
Let q(l) = -l - 3 + 0 + 3*l - 1. Determine q(6).
8
Let v(u) be the second derivative of -9*u**5/20 + u**4/6 - u**3/6 + 11*u. What is v(1)?
-8
Let u(q) = -4*q. Let y be u(-2). Let p = -10 + y. Let o(r) = r**2 - r - 2. Give o(p).
4
Let o be ((-4)/4)/((-3)/(-6)). Let i(m) = -3*m + 1 + 5*m + 3*m - 2*m. Give i(o).
-5
Let j(t) = -16*t**2 - 41*t + 46. Let d(s) = -3*s**2 - 8*s + 9. Let o(v) = 11*d(v) - 2*j(v). Calculate o(-8).
-9
Let t(w) be the third derivative of w**5/60 - 7*w**4/24 + 2*w**3/3 - 31*w**2. Determine t(5).
-6
Let f(z) = -11*z**2 - 8*z + 2 + 29*z**2 - 17*z**2. Determine f(7).
-5
Let d(b) = -4*b**2 - 4*b - 2. Let s = 11 + -19. Let n(m) = 11*m**2 + 11*m + 6. Let z(r) = s*d(r) - 3*n(r). What is z(-3)?
-8
Let w = -3 - -5. Let n be w - (-1 + (-2 - -1)). Let v(u) = -u + 6. Determine v(n).
2
Let f(o) be the third derivative of -7/24*o**4 + 5/6*o**3 + 0 + o**2 + 0*o + 1/60*o**5. Suppose 0 = 4*c + 20, 0 = 3*d + c - 10. Calculate f(d).
-5
Let r(g) be the first derivative of -g**4/4 - 2*g**3 + 5*g**2 + 3*g - 39. What is r(-7)?
-18
Let g(v) = -v + 16. Let m be g(11). Suppose 4*f - 4*n + 22 + 2 = 0, m*n - 20 = 0. Let x(j) = -2*j**2 - 2*j + 1. Determine x(f).
-3
Let z(v) = -v**2 + 11*v - v**3 + 11*v - 21*v. What is z(-2)?
2
Suppose 0*j - 3 = j. Let b = -3 - -6. Let t(g) = 0*g**b - g + g**3 + g**2 + g**2. Determine t(j).
-6
Let h(n) = n**2 + 4*n - 1. Let o(j) = -j**3 + 4*j**2 - 3*j - 3. Suppose -5*v + v + 12 = 0. Let z be o(v). Determine h(z).
-4
Let g(n) = 3*n - 2 - 11 + 21. Give g(-6).
-10
Let d = -19 - -34. Suppose -n = 4*x - d, -7 = -2*x - 3*n - 2. Let z(g) = 2*g. Calculate z(x).
8
Let q(r) be the third derivative of -r**4/8 + 4*r**3/3 + 2*r**2. Determine q(6).
-10
Let y(m) be the third derivative of 0*m + 0 + 1/12*m**4 - 1/12*m**5 - m**2 + 1/120*m**6 - m**3. Let j be 19/4 + (-6)/(-24). Determine y(j).
4
Let n = 0 + 6. Let q(g) = -g**3 - 10 + 3 + 3*g**2 + 3*g**2 - 59*g + 61*g. Determine q(n).
5
Let a(h) = 1 + 0 + 5 + 6*h - 5. Determine a(1).
7
Let a = 2/17 + 5/102. Let l(c) be the third derivative of 1/20*c**5 + c**2 + 0 + 1/3*c**3 - 1/120*c**6 - a*c**4 + 0*c. Give l(2).
-2
Suppose 3*i + 36 = -3*t, -t - 6 = -i + 4*i. Let r = t + 10. Let a = 0 + r. Let u(w) = w**3 + 5*w**2 - w - 4. Calculate u(a).
1
Let r(z) = -z. Let i = -7 +